uppose 0 = -2*l - 26*l + 3136. Suppose 2*b = 29 + 3. What is the greatest common factor of l and b?
16
Let j(q) = -q**2 - 7*q + 4. Let d be j(-6). Let f(m) = m**3 - 4*m. Let g be f(3). What is the greatest common factor of d and g?
5
Suppose 60 = 3*c - c - 2*x, 3*c = 2*x + 90. Suppose 3*t + 1 = 2*t. Let n be t/((-1)/14) + -2. What is the greatest common divisor of c and n?
6
Suppose -6*k + 2*k = -648. What is the greatest common factor of 18 and k?
18
Let o be (-10)/45 - 146/(-9). Let y(m) = m - 4. Let f be y(7). Suppose -f*s + 5 = -1. What is the highest common factor of o and s?
2
Suppose -5*a - 3*v + 14 = 0, 0 = -5*a + 2*v - 3 + 27. Suppose -l = -a*u + 34, 2*l = 4*u - 19 - 17. Calculate the greatest common divisor of u and 1.
1
Let d(q) = 7*q**3 - 3*q**2 - q + 11. Let g be d(4). Calculate the highest common factor of g and 37.
37
Suppose 4*o + 4 = 16. Let v be 1*(-2 + o) + 10. Let h(i) = -15*i - 2. Let r be h(-6). Calculate the highest common divisor of v and r.
11
Let o be 0*(-1 - 0) - 3. Let y be 340 + (-2 - 9/o). What is the highest common factor of y and 31?
31
Suppose 2*n - 5*n = 0. Let o be (5 + n)/(0 - -1). What is the greatest common divisor of o and 40?
5
Suppose 396 = 2*l - 0*l. Suppose 5*g - 83 = 7. What is the highest common divisor of l and g?
18
Let m = 192 - 117. Let u(w) = w**3 + 7*w**2 - 5*w - 5. Let v be u(-7). Calculate the highest common factor of v and m.
15
Let i(r) = -r**2 + 2*r - 3. Let n be i(3). Let j(d) = 5*d - 3*d**2 + 4*d**2 - 3*d. Let z be j(n). Calculate the highest common factor of z and 12.
12
Let y be (-1)/((-4)/84*-3). Let j = 105 - y. Calculate the highest common factor of 14 and j.
14
Let h(v) = -19*v**3 + 2*v**2 - 1. Let w be h(-1). Suppose w = -5*c, 5*k + 6 = -3*c - 1. Suppose -2*y + y = -k. Calculate the greatest common divisor of y and 2.
1
Let y be 0 + (1 - 2) + 2. Let p be y - (-230 - (-2 - -2)). What is the greatest common factor of 21 and p?
21
Let n(z) be the first derivative of 1/2*z**2 - 1 + 12*z. Let v be n(-8). Calculate the greatest common divisor of 28 and v.
4
Let y be -15*2*3/(-18). Suppose 2*u = -5*d + 14, -3*u - y*d = u - 38. Calculate the greatest common divisor of 108 and u.
12
Let s(v) = -12*v + 5. Let f be s(-6). Suppose -2*g + f = 27. Calculate the greatest common factor of 5 and g.
5
Let v(c) = -c**3 + 6*c**2 - 4*c. Let p be v(4). What is the greatest common factor of p and 48?
16
Suppose 2*l - 5 = -1. Let p be ((-2)/(-2))/(-1)*(-9 - -7). Calculate the greatest common divisor of l and p.
2
Let m(s) = -4*s - 3. Let p be m(-3). Let y be (30/p)/(8/12). Suppose -3*b + 74 = -q - 15, 5*q = y*b - 145. What is the greatest common factor of 12 and b?
6
Let a be 275/44 + (-2)/8. Suppose -2*c - 5*m + 27 = 0, -1 = 2*c + m - 16. What is the greatest common factor of a and c?
6
Let j(b) = -b**2 - 4*b + 3. Let z be j(-4). Suppose -28 = -z*t + 4*w + 46, w - 108 = -5*t. Calculate the highest common divisor of 11 and t.
11
Let w = 3 - 3. Suppose 5*p - 2 = -s + 4*p, 4*p - 16 = w. Let r = s - -8. What is the highest common factor of 54 and r?
6
Suppose -9*p = -5*p - 1440. What is the greatest common factor of 40 and p?
40
Let h = 572 + -370. Suppose -2*r + h = n, 0*n + 3*n - 406 = -4*r. Let v = 26 - 16. What is the greatest common divisor of v and r?
10
Let y(d) = d + 1. Let k be y(-3). Let i be (-272)/(4*-1) - k. What is the highest common factor of i and 14?
14
Let k be (-2865)/(-120) + 1/8. Let m = 47 + -23. What is the highest common divisor of m and k?
24
Let b = 68 + 40. Let d = 43 - 21. Suppose 3*x + d = 58. Calculate the greatest common factor of b and x.
12
Suppose 7*j - 2 = 5*j. Let v(n) = 153*n**2 + n. Let m be v(j). What is the greatest common factor of 14 and m?
14
Suppose 7*z - 23 = -2*o + 2*z, 2*o + z = 11. Suppose -108 = a - o*a. Let n(v) = -8*v - 2. Let t be n(-7). What is the greatest common factor of a and t?
18
Let p = -1 - -3. Suppose f - 4*g - 96 = -3*f, 60 = p*f + 2*g. Calculate the highest common divisor of 9 and f.
9
Let q = 0 + 15. Let u be (1815/6)/5 - 3/6. What is the greatest common divisor of q and u?
15
Suppose 2*o + 3 = 1. Let y be o/((-2)/36) + -2. Let s = 26 - y. Calculate the highest common divisor of 10 and s.
10
Let l(m) = 13*m**2 - 5*m + 2. Let x be l(3). Calculate the greatest common divisor of x and 13.
13
Let y = 9 - 1. What is the highest common factor of y and 16?
8
Let x(b) = -2*b - 3. Let q be x(-4). Let m be 2/(-5) - (-17)/q. Suppose -m*z = z - 120. What is the greatest common factor of z and 6?
6
Let m(f) = f**3 - 7*f**2 + 6*f - 3. Let z be m(6). Let g be 28/(-3)*z/2. Calculate the greatest common factor of g and 126.
14
Suppose -56 = 4*d - 168. Suppose 3*p + 0 - 23 = 2*o, 3 = 3*p. Let c = 14 + o. What is the greatest common divisor of c and d?
4
Suppose 5 = -4*y + 85. Calculate the highest common divisor of y and 10.
10
Let d(s) = 7*s**2 + 3*s + 6. Let a be d(-3). Suppose 0*y + a = 4*y. What is the greatest common factor of 15 and y?
15
Let o = 21 - 18. Calculate the greatest common factor of 1 and o.
1
Let l = 1 + 1. Let n be 3/(l + (-95)/48). Calculate the highest common divisor of 16 and n.
16
Let h(i) = 25*i + 1. Let u be h(1). Calculate the greatest common divisor of u and 130.
26
Suppose 4*g = -0*g + 248. Suppose 5*r = a - g + 964, 4*r = 4*a + 728. What is the greatest common factor of r and 20?
20
Suppose 4*m + q = 21, m = q - 5*q + 9. Let o(b) = -b**3 - 3*b**2 + 3*b + 1. Let h be o(-4). What is the highest common divisor of m and h?
5
Let z be 3*(-1)/(-1)*6. Suppose -4*y + 2 = -3*y. Calculate the highest common divisor of y and z.
2
Let a = 101 + -61. Calculate the highest common divisor of a and 280.
40
Suppose r - 3 = -7, -46 = -2*i - 5*r. What is the highest common divisor of i and 11?
11
Let g be (-364)/(-18) + (-2)/9. What is the greatest common factor of 5 and g?
5
Let z = -34 + 58. What is the highest common factor of 144 and z?
24
Let f be -2 + 98 + 0/(-1). What is the highest common factor of 24 and f?
24
Let j = -38 - -16. Let a = j + 40. What is the greatest common factor of a and 126?
18
Let m = 1 - 0. Let z be 120*(4/(-8) + m). What is the greatest common factor of z and 15?
15
Let z(r) = -r**3 + 5*r**2 + 6*r + 6. Let p be z(6). Let t = 4 - p. Let b be 140*3*t/(-12). What is the greatest common factor of b and 10?
10
Let f be 4/14 + (-346)/(-14). Let l = f - 18. Let n = l - 2. What is the highest common factor of 40 and n?
5
Let j be (-340)/(-4) + 1 + 2. Calculate the highest common factor of 22 and j.
22
Let d(p) = -p**2 - 7*p. Suppose -4*n + n - k - 11 = 0, 1 = -n + k. Let j be d(n). What is the greatest common divisor of 12 and j?
12
Suppose -1050 = -4*n + 2*y, 5*n + 0*n - 1317 = 4*y. Suppose -n = -4*k - q, 0 = -3*k + q - 2*q + 196. What is the highest common divisor of 13 and k?
13
Let r = -10 + 20. Suppose 0 = 4*u + 5*t + 125, u = -4*t - 25 + 2. Let f be ((-14)/u)/(2/50). What is the highest common divisor of r and f?
10
Let z be 147/2*(-2)/(-3). Suppose 22 = 2*q - 2*g, q + 5*g = 4 - 17. What is the greatest common factor of z and q?
7
Let b = -9 + 29. Let r = b - 11. Calculate the highest common divisor of 81 and r.
9
Suppose -4*a - 1 + 9 = 0. Suppose v - 4*o = 52, a*v + 3*o - 61 - 32 = 0. What is the greatest common factor of v and 16?
16
Let o(y) be the third derivative of y**4/12 + y**3 - 2*y**2. Let p be o(-4). Let l be 22 + (p - (-2)/1). What is the highest common factor of l and 2?
2
Let h be ((-39)/(-2))/((-2)/(-4)). Calculate the greatest common divisor of 13 and h.
13
Let q(u) = -3*u**3 + 4 + 5*u**3 - u**3 - 2*u - 5*u**2 + 3*u**2. Let a be q(3). What is the highest common factor of a and 7?
7
Suppose -1 = -3*w - 10. Let t = w - -35. Suppose z = -t + 140. Calculate the greatest common factor of 12 and z.
12
Let v(a) = -a**2 + 11*a - 21. Let f be v(5). Let w(q) = q - 1. Let o be w(7). What is the highest common factor of f and o?
3
Let s = -316 + 524. What is the highest common factor of s and 13?
13
Let g = -12 - -16. Suppose -g*k + 60 = 2*k. What is the highest common divisor of k and 90?
10
Let s be (-1)/(-5) - (-237)/15. Let p be (-4)/(-22) - 192/(-33). Let f = 10 - p. What is the highest common factor of s and f?
4
Let z be (-61 - -1)/(-5 + 4). Suppose 4*c - 5*c + z = 3*i, 2*i + 2 = 0. What is the highest com